= -404 + 431. Let x be 2/(-3) - 40/(-15). Suppose q = -j - x*q + 6, q = -4*j + 35. What is the remainder when d is divided by j?
8
Suppose -478 = -25*l + 5072. What is the remainder when l is divided by 15?
12
Let p = 84 - 84. Suppose p = -3*i - 18 + 51. What is the remainder when i is divided by 1?
0
Let z = 189 - 173. Calculate the remainder when 102 is divided by 51/(-408) + 850/z.
49
Let k(z) = -12*z + 64. Let p be k(16). Let l = -88 - p. What is the remainder when l is divided by (-2)/5 + 308/20?
10
Let m(p) = -18*p**3 - p + 1. Calculate the remainder when m(-2) is divided by 50/25 - (3 - 20).
14
Let f = 188 - 39. Suppose r + 146 = 4*r + 4*q, -q = 3*r - f. Suppose 0 = -4*v + 5*v + 3*s - 32, 4*s = 20. What is the remainder when r is divided by v?
16
Suppose -8*g = -3*g - 4*g. Suppose -b + 171 = 5*m, m + g*m - 38 = -4*b. What is the remainder when 57 is divided by m?
23
Suppose 5*v = -32 + 92. Suppose 6*u - 10 = 11*u. What is the remainder when ((-9)/6)/(u/92) is divided by v?
9
Suppose -66*q = -68*q + 48. Suppose 20 = 4*t - 132. Calculate the remainder when t is divided by q.
14
Let k(r) = 12*r**2 + 36 - 8*r - r - 35 - 8*r**2. Calculate the remainder when k(3) is divided by 5.
0
Let v = -2321 + 2397. What is the remainder when 1669 is divided by v?
73
Suppose 45*u - 11988 + 1908 = 0. Calculate the remainder when u is divided by 27.
8
Let d = 9702 + -7855. Calculate the remainder when d is divided by 17.
11
Let p be (-2)/3 + (-30)/9. Let w(x) = 2*x**3 - 7 + 4*x**2 - 2*x + 8 - x**3 - 3. What is the remainder when 15 is divided by w(p)?
3
Let b(t) = -2 - 5 - 10 - 2*t + 2. Let w = 66 + -34. What is the remainder when w is divided by b(-11)?
4
Suppose 0 = 2*u - 2*h - 48, 3*u + 3*h - 80 = -2*u. Let l = u + -3. What is the remainder when 4 - ((-16)/56*-7 + -16) is divided by l?
2
Let p = -11052 - -11252. What is the remainder when 778 is divided by p?
178
Suppose 67*u = 146*u - 1580. What is the remainder when 3759 is divided by u?
19
Suppose -5*o + 6*o - 4 = 0, -2*o - 925 = -3*p. Let i = -279 + p. Calculate the remainder when 38 is divided by i.
6
Suppose 3*g = 4*u - 5*u, -11 = g + 4*u. What is the remainder when (11521/(-82))/(g/(-2)) is divided by 47?
46
Let g = 2 + 16. What is the remainder when 113 is divided by 526/g + 5/45*-2?
26
Suppose 0 = -0*j - j + 1120. Suppose 3238*q + 3268*q - 1023 = 6413*q. What is the remainder when j is divided by q?
9
Suppose -25*u = -14*u + 66*u - 92862. Calculate the remainder when u is divided by 109.
7
Suppose l - 16972 = -2*t - 3962, 3*t - 19567 = 5*l. Calculate the remainder when t is divided by 167.
163
Let v = 3051 + -2890. What is the remainder when v is divided by 19?
9
Let f = -373 - -789. Let k = f - 258. What is the remainder when k is divided by 16?
14
Suppose -695*y + 189*y = -119416. What is the remainder when y is divided by 71?
23
Let o be ((-14)/42)/(16/18 - 1). Suppose o*x = -15 - 0, -4*b + 3*x = -599. What is the remainder when b is divided by 11?
3
Let x(a) = -97*a - 2. Let r be x(2). Let d be 18/(-3)*(-492)/(-24). Let c = d - r. What is the remainder when c is divided by 19?
16
What is the remainder when 27837 is divided by 31 + ((-93)/372 - (3 - (-13)/(-4)))?
30
Suppose -32*r - 1625 = -45*r. What is the remainder when 624 is divided by r?
124
Suppose 21*l + 75 = 222. Suppose 6*h - l = 89. Calculate the remainder when 127 is divided by h.
15
Suppose 53*m - 9 = 52*m. Calculate the remainder when 166 is divided by (-7 + m)/2*14.
12
Suppose s - 2*y = 6, 13*s - 2*y = 16*s + 6. Suppose -232 = -4*m + 4*h, s = -4*m + 3*h + 185 + 43. What is the remainder when 319 is divided by m?
49
Let p be ((-450)/(-63) - 7) + 34/7. Let h(n) = 132*n - 638. Let o = -9 + 13. Calculate the remainder when h(p) is divided by o.
2
Let t = 796 - 741. Calculate the remainder when 168 is divided by t.
3
What is the remainder when -2 - -1 - 10952/(-148) is divided by 73?
0
Suppose -3*i + 1004 = -721. Calculate the remainder when i is divided by (-5)/6 + 62543/1698.
35
Let z = -457 - -1237. Suppose -z = -5*t + 2*t. What is the remainder when t is divided by 9?
8
Let h(w) = -20*w**3 - 5*w**2 - 12*w - 13. What is the remainder when 7865 is divided by h(-1)?
11
Suppose -3*r - 3*v + 69 = 0, -5*r + 131 = -722*v + 719*v. What is the remainder when 375 is divided by r?
0
Calculate the remainder when 7 - 390/(-9) - 5/(-3) is divided by 17.
1
Let t(p) = -25*p**3 - 2*p**2 - 2*p + 1. Let d = 754 - 713. What is the remainder when t(-2) is divided by d?
33
Suppose -w + 2*c - 5 = 3, -5*w - c = 40. What is the remainder when (495/30)/((-6)/w) is divided by 10?
2
Calculate the remainder when 20*55/(-165)*(4 - 10) is divided by 2/(-9) + (-404)/(-36).
7
What is the remainder when 182 is divided by (264 - 4)/(((-8)/24)/((-2)/12))?
52
What is the remainder when 3674/9 + 2/(-9) is divided by 24 + 63*(-10)/45?
8
What is the remainder when 551 is divided by (-5189)/(-19) - -4 - ((-666)/171 - -4)?
274
Let x = -66 + 114. Suppose f - j - 22 = 0, -f + x = f - 3*j. Let t = f - 15. What is the remainder when 14 is divided by t?
2
Let w = 11 + -5. Let a(u) = 5*u**3 + 33 - 80*u + 29*u - 5*u**2 + 43*u. Calculate the remainder when a(3) is divided by w.
3
Suppose 1 + 14 = 5*g. Suppose g*p + 5 = 98. Suppose -17*h + 4*h = -143. Calculate the remainder when p is divided by h.
9
Suppose 5*s = 3*p + 4437, 2*p + 326 = -2*s + 2120. What is the remainder when s is divided by 88?
11
Let d(j) = 30*j + 837. What is the remainder when d(-14) is divided by 105?
102
Calculate the remainder when 417/((-132)/880*8/(-2)) is divided by 89.
72
Suppose -3*g = 3*b - 2487, 1782*g - 837 = -b + 1783*g. Calculate the remainder when 2500 is divided by b.
1
Suppose -22*c = -27*c + 340. What is the remainder when 3058 is divided by c?
66
Let i = -142 - -33. Let r = -70 - i. Let y = r + -31. What is the remainder when y is divided by 6?
2
Let k = 1635 - 1547. What is the remainder when 334 is divided by k?
70
Suppose -5*a = 3*y - 34, -5*y - 2*a = a - 62. Let h be (-1 - 2 - (2 - y))*-18. Let j = -93 - h. What is the remainder when 99 is divided by j?
48
Suppose -b + 5*g = -78, b + 0*b - 82 = 4*g. Suppose -o - 4*o = 8*o. Suppose o = 8*y - 219 + 59. Calculate the remainder when b is divided by y.
18
Suppose v - 12 = -j, 3*j = -0*v + 2*v + 36. What is the remainder when 582 is divided by j?
6
Let d be 1/(-4) + 328/32. Let m be (21*d/(-45))/(1/(-6)). Suppose -15 = -2*y + p + m, p + 3 = 0. Calculate the remainder when y is divided by 8.
4
Suppose 2*q = -15*q + 4386. Suppose 5*v = 2*h + q, v + h - 96 = -v. What is the remainder when v is divided by 18 + -1*(-1 + 0)?
12
Let z = 20374 - 20023. What is the remainder when 1057 is divided by z?
4
Suppose -f = 26*n - 23*n - 52, 5*n + 242 = 4*f. What is the remainder when 1039 is divided by f?
53
Let o(v) = 5*v**2 + 112*v + 8. What is the remainder when o(-26) is divided by 69?
62
Suppose -274 = 3*w - 8*w + 4*h, -4*w + 214 = 2*h. Let g = 162 - w. Calculate the remainder when g is divided by 14.
10
Let o(u) = 24*u**3 + 1. Suppose d - 29*g - 21 - 4 = 0, -3*d - 5*g + 259 = 0. Calculate the remainder when d is divided by o(1).
8
Let k(p) = -7*p - 7. Suppose -7 = 5*h + 18. Let o = 2080 + -1941. What is the remainder when o is divided by k(h)?
27
Suppose 5*j + 2*r - 59 = 0, -40*r + 36*r + 1 = -3*j. Let x(h) = -3*h + 2. Let k be x(3). Calculate the remainder when 156/7 - (-2)/k is divided by j.
4
Let p = 53 - 33. Let h = 425 + -101. Suppose h = -348*t + 360*t. What is the remainder when t is divided by p?
7
Let r(i) = -2*i. Let d be r(1). Let f be -1 + -7 - (1 - -3). Calculate the remainder when (-174)/d + f + 13 is divided by 13.
10
Let d = 395 - 404. What is the remainder when 286 is divided by 30/(2/(-1))*6/d?
6
Suppose 0 = -v - 4*x + 798, -3*v + 15*x + 2394 = 10*x. Calculate the remainder when 2396 is divided by v.
2
Let b be (10 + 2 - 6) + -4 + -30. Let g = 42 + 8. What is the remainder when 37 is divided by (b/10)/((-10)/g)?
9
Suppose -2*n = 4*d - 10, 2*d = 3*n + 3*d - 15. Suppose t + 135 = n*p - t, -t = 5. What is the remainder when ((-705)/10)/((-18)/12) is divided by p?
22
Calculate the remainder when 136 is divided by 14 + 9 + 19 + -19.
21
Let d(j) = 8*j**2 - 97*j - 1197. Calculate the remainder when d(-9) is divided by 24.
12
Let p(k) = 